t are the prime factors of h?
2, 7, 11
Suppose -37*f = -33*f + 64. Let v be (-1)/(-2) - 1544/f. Let c = v + -36. List the prime factors of c.
61
Let c = 37394 - 5824. List the prime factors of c.
2, 5, 7, 11, 41
Let b = 10 + -7. Let n be (200/30)/((-4)/(-3)). Suppose b*p = n*p - 82. What are the prime factors of p?
41
What are the prime factors of (-11)/(286/(-1625))*(-25780)/(-25)?
2, 5, 1289
Let j(v) be the first derivative of -5*v**3/3 + 3*v**2/2 + 3. Let u be j(2). Let r = 17 + u. What are the prime factors of r?
3
Suppose 0 = -3*w + 2*t + 13324, -4*t - 11150 - 11060 = -5*w. What are the prime factors of w?
2, 7, 317
Suppose -86930 = -5*h + 5*q, 117398 = 5*h - 4*q + 30470. List the prime factors of h.
2, 41, 53
Let m be 1*(-2)/8 + 8/32. Let d be ((-24)/(-4 + m))/3. Suppose -7*h + d*h - 345 = -3*c, 460 = 4*c + h. What are the prime factors of c?
5, 23
List the prime factors of 156300/34 - (-122)/(-2074).
4597
Let a = -112 - -123. Suppose -a*m - 4*m = -4470. Let o = 563 - m. What are the prime factors of o?
5, 53
Let w = -34 + 31. Let t be ((-2)/w)/(14/(-105)). What are the prime factors of -1*t/(20/232)?
2, 29
Suppose -969471 + 189369 = -38*i. List the prime factors of i.
3, 2281
Let h = 1174 + -412. List the prime factors of h + (1 - -1) + 21/(-3).
757
Let i(k) = 2*k - 3*k + 8 + 11. Let s be i(14). Suppose 4*f = t + 231, -s*f = -3*t + 105 - 392. List the prime factors of f.
2, 29
Let h(p) = -2*p**3 - 10*p**2 + 36*p + 56. List the prime factors of h(-18).
2, 11, 89
Let m(l) be the second derivative of l**4/12 + 5*l**2 + 1974*l. Let y be 1/2 + 18/4. What are the prime factors of m(y)?
5, 7
Let o = -245 - -252. List the prime factors of 1/(6/2247) + o/(-14).
2, 11, 17
Suppose x - 168*t - 7088 = -171*t, -t = -4*x + 28287. List the prime factors of x.
11, 643
Let l(n) = 221*n**2 - 51*n + 326. List the prime factors of l(7).
2, 5399
Let x(u) = -229*u + 912. What are the prime factors of x(-50)?
2, 7, 883
Let v = 28 - 67. Suppose -4515 = 127*n - 15310. Let p = n + v. List the prime factors of p.
2, 23
Let w = -15821 + 32132. List the prime factors of w.
3, 5437
Suppose 2*c - 62 = 74. Let d be 4/(-3 + -1)*c. Let s = d - -99. List the prime factors of s.
31
Suppose -49 = -5*i + 4*g, -i - 5*g = -16 - 17. Suppose -w = -i*w + 84. Suppose -3*n - 2 = w, 413 = 4*m - 3*n. List the prime factors of m.
101
Let d(t) = 201*t**3 - 2*t**2 - 3. Let j be d(2). Let u = j - 1068. List the prime factors of u.
23
Let v(j) = 23*j**2 - 192*j + 3259. List the prime factors of v(17).
2, 3, 41
List the prime factors of 1*6*1 - 703/19*-344.
2, 6367
Let n(f) = -366*f**3 + f**2 - 1. Let o be n(1). Let v be ((-1)/3 - 0)*36351/21. Let j = o - v. What are the prime factors of j?
211
Let k be 9*1 + (-5)/5 + 0. Let d = 15 - k. Let x(l) = 4*l - 19. What are the prime factors of x(d)?
3
Let l = -5210 - -5486. List the prime factors of l.
2, 3, 23
Suppose -3*p + 258 = -4*f, 183 = 2*p + 2*f + 11. Let k = 240 - p. What are the prime factors of k?
2, 7, 11
Let r = 6835 - 2674. What are the prime factors of r?
3, 19, 73
Let m = -145 + 180. Let g(p) = 5*p - 138. What are the prime factors of g(m)?
37
Let l(p) = -2*p**3 + 14*p**2 + 7*p - 39. Let u be l(-12). Suppose -5*r - 3*j - 1801 = -u, j + 1428 = 2*r. What are the prime factors of r?
2, 89
Let g(f) = f**2 + 181*f + 4994. List the prime factors of g(-30).
2, 29
Suppose 0 = -3*p - 3*z - 255, -99 = p - 2*z - 5. Let t = -30 - p. What are the prime factors of t?
2, 29
Let h be 0/((-9)/(-3) - 1). Suppose 4*w + 2*r + 6 = -20, 2*w - r + 3 = h. List the prime factors of ((-830)/40)/(1/w).
83
Let n(i) = 2097*i - 419. What are the prime factors of n(8)?
11, 1487
Suppose 485 - 435 = 5*t. Suppose -4*z + 3*d + 4103 = 0, 2*z - 2053 = -9*d + t*d. What are the prime factors of z?
2, 257
Let v = -70 + 88. List the prime factors of (-315)/((-49)/7)*(v - 1).
3, 5, 17
Let m = -155 + -52. Suppose -5*z = -q - 2035 + 220, -726 = -2*z - 2*q. Let k = z + m. List the prime factors of k.
2, 3, 13
Suppose 6*b + 20 = 8*b. Suppose -2*o + 4*g + 82 = 0, -g + b = -3*g. What are the prime factors of o?
31
Suppose o + 35 = 6*o - 5*l, -5*o + 42 = 2*l. Suppose 7*c + 155 = o. Let s = c + 83. List the prime factors of s.
2, 31
Suppose -121*j + 1178472 = -84526. List the prime factors of j.
2, 17, 307
Let y be (-18)/4*10/(-5). Let c = 13 - y. Suppose -107 = -n + a - 5*a, -5*n - c*a = -535. List the prime factors of n.
107
Let t = 39 - 26. Let n = -7 - t. List the prime factors of ((-304)/n)/(1/5).
2, 19
Let m = 49277 - 28333. List the prime factors of m.
2, 7, 11, 17
Let w = -15 - 4. Let m(s) = -2*s**2 - 38*s + 4. Let b be m(w). Let k(p) = 2*p**3 - 2*p**2 - 7*p + 5. List the prime factors of k(b).
73
Let u = -16185 - -22708. List the prime factors of u.
11, 593
Let w = -22279 - -46059. What are the prime factors of w?
2, 5, 29, 41
Let u(l) = -l + 240. Let j be u(0). Let f(b) = -72*b**2 - 4*b + 3. Let s be f(1). Let v = s + j. What are the prime factors of v?
167
Suppose j + 24828 = 7*h, -h + 2991 = -3*j - 553. What are the prime factors of h?
3547
Let i = 9785 - -16689. List the prime factors of i.
2, 7, 31, 61
Let x be 1/(-4) - (-1021)/4. Suppose 2*t = 3*g + 14, 12*g - 12 = -4*t + 10*g. Suppose -4*l + t*h + 368 = 0, 4*h - x + 101 = -2*l. List the prime factors of l.
3, 29
Suppose -5*v = -2*f - 4 - 7, 5*f - 55 = -4*v. Let k(l) = 7*l + 226. What are the prime factors of k(f)?
5, 11
Suppose -2*t - 60 = 2*c, c + 20 = 6*t - 9*t. What are the prime factors of (c/28)/((-1)/248)?
2, 5, 31
Let x(k) = -k - 1. Let t be x(-5). Suppose 0 = -13*g - 0*g - 13*g + 5954. Suppose 0 = 5*i - j + 81 - g, -128 = -t*i + 4*j. What are the prime factors of i?
29
Suppose -x - 2*w - 26 = -3*x, 0 = -5*x - 4*w + 29. Suppose 0 = 3*d - x*d + 1746. What are the prime factors of d?
3, 97
Suppose -48 - 342 = -3*m. Let j be m/(-18) + (5 - 43/9). List the prime factors of 1088/36 + j/(-9) + -1.
2, 3, 5
Let t(s) = -s**3 + 11*s**2 + 12*s - 10. Let y be (-1)/(-3) - (60/(-9) + -5). Let c be t(y). Let v = c - -37. List the prime factors of v.
3
Let o be ((-8)/(-10))/((-1)/(-30)). Let i(d) = d**2 - 6. Let q be i(11). Suppose q + o = w. What are the prime factors of w?
139
Suppose 5*t = -41 + 56. Suppose t*p + 5*n - 148 = 567, n + 721 = 3*p. List the prime factors of p.
2, 3, 5
Let v = 721 - -45193. What are the prime factors of v?
2, 11, 2087
Let g be 60/(-1)*699/(-12). Let q = g - 2413. List the prime factors of q.
2, 541
Let z(f) be the third derivative of f**5/3 - f**4/2 - 6*f**3 - 31*f**2. List the prime factors of z(-5).
2, 131
Let m(w) = -w**2 - 5*w + 29563. List the prime factors of m(0).
17, 37, 47
Suppose -125*q = -130*q - 2*g + 118410, -2*g - 118410 = -5*q. List the prime factors of q.
2, 3, 3947
Suppose -31859352 = -612*v + 108*v. List the prime factors of v.
3, 19, 1109
Let c(g) = 29*g - 1514. Let z be c(57). Suppose -4 = 2*m - 4*v, -v + 6 = 5*m - 6. Suppose 0 = -m*f + z + 47. List the prime factors of f.
3, 31
Let u = 204 + -200. Suppose u*z - 547 = 213. List the prime factors of z.
2, 5, 19
Suppose 6*g = -67 + 103. Suppose -1240 = -g*n + 1388. List the prime factors of n.
2, 3, 73
Let r(u) = u**2 + 13*u - 3. Let h be r(-16). Let m = -39 + h. What are the prime factors of (320/12)/(2/m)?
2, 5
What are the prime factors of (-3)/(171/(-6)) + 133744695/2261 + 9?
2, 29581
Suppose -5*y = -2*n + 13, -4*n = -y + 5*y - 12. Suppose -3*k + 11 = 4*z + 39, -z + n*k + 12 = 0. List the prime factors of (z/(-3))/(2/(-522)*-6).
2, 29
Let m(x) = x**3 + 101*x**2 + 68*x + 1431. List the prime factors of m(-100).
11, 421
Let z = -8127 - -21362. List the prime factors of z.
5, 2647
Let x(s) = -s**3 + 34*s**2 - 107*s - 18. What are the prime factors of x(17)?
2, 769
List the prime factors of -1 + (-15)/(-24) - 9171/(-72).
127
List the prime factors of (-1023056)/(-118) - (-20)/590.
2, 3, 5, 17
Suppose -571459 + 206734 = -62*b + 17*b. List the prime factors of b.
5, 1621
Suppose 4345 = 2*q + 5*z, 3*q + 2*z - 6535 = -2*z. Suppose -u = 2*j - 0*u - q, 3*u = 3*j - 3300. What are the prime factors of j?
3, 5, 73
Let g(z) = 4*z**2 + 5*z + 7. Let f(c) = -c**2 + 8. Let s be f(-4). Let h be g(s). Suppose 5*w - 919 = -4*k, 5*k = 4*k + w + h. List the prime factors of k.
2, 113
Suppose -10055 + 1629 = -11*m. Suppose 0*a - 301 = -2*